 the prime factors of r.
2, 5, 11
Suppose -k + 7102 = -21778. List the prime factors of k.
2, 5, 19
Let g = -519 + 517. List the prime factors of g - (5 + -2 - 7 - 272).
2, 137
Let m = 257 + -446. Let a be m/18*(-6)/7. Let k(f) = -f**3 + 11*f**2 + 4*f - 34. What are the prime factors of k(a)?
2, 41
Suppose -223*u + 440893 + 513603 = -95*u. List the prime factors of u.
7457
Let j be 62/(-22) + 93/33 + -3. Let t(g) = -337*g - 8. Let x be t(j). Suppose 0 = -23*o + 6*o + x. List the prime factors of o.
59
Let q = -120 - -120. Let z be 453 - 4/(8/6). Suppose z = -q*y + 3*y. List the prime factors of y.
2, 3, 5
Let p be (6/4)/(36/(-6432)). What are the prime factors of (-8)/20*(-2 - 8) - p?
2, 17
Let b(s) = s**2 - 12*s - 489. Let z be b(29). Let k(c) = -531*c + 189. Let q(v) = 76*v - 27. Let o(i) = -4*k(i) - 27*q(i). What are the prime factors of o(z)?
3, 29
Let y = -268 - -268. What are the prime factors of (y - 1)/(4/(-1712)*1)?
2, 107
Let o(q) = 14*q**2 + 3*q - 4. Let n = 365 - 359. List the prime factors of o(n).
2, 7, 37
Let v = 219 + 51. Let y be ((-1)/6)/(((-29)/12)/29). Suppose 8*t - v = y*t. List the prime factors of t.
3, 5
Suppose -329*y = -334*y - 2*d + 65511, 5*d = -5*y + 65520. What are the prime factors of y?
3, 11, 397
Let n = -607 - -605. Let m(s) = -717*s + 28. What are the prime factors of m(n)?
2, 17, 43
Suppose -67*j = -1388 - 756. Let w = -21 - -45. Suppose -j + w = -4*l. What are the prime factors of l?
2
Suppose -1325 = 10*k - 5*k. Let u = k - -316. What are the prime factors of u?
3, 17
Let k = 39877 - 17658. What are the prime factors of k?
17, 1307
Suppose 26 = 5*o - g + 73, 0 = 4*o + g + 34. Let r(t) = 17*t + 203. What are the prime factors of r(o)?
2, 5
Let u(s) = -s**3 + 5*s + 14. Let a be u(-5). Let m = 26 + a. List the prime factors of m.
2, 5, 7
Suppose 5*z + 4258 - 1073 = 0. Let d be 2414/26 + 14/z*-7. Suppose 98*j = d*j + 265. List the prime factors of j.
53
Suppose -4 = 6*s - 7*s. Suppose -p - 1070 = -4*f, s*f + f - 1350 = -5*p. What are the prime factors of f?
2, 67
Suppose 3*n + 3 = 0, j + 20 = -3*j - 4*n. Let l(a) = -5 + 20 + 10*a**2 - 5*a**2 + 4*a**2 + 3 + 10*a. What are the prime factors of l(j)?
2, 61
Let a(g) be the second derivative of g**4/3 + 2*g**3 + 27*g**2/2 + 11*g - 1. What are the prime factors of a(-6)?
3, 11
Suppose 3*k = r + 37969, 5*k + 5*r - 50657 = k. List the prime factors of k.
2, 6329
Suppose 0 = -5*u - p + 199875, -14*u + 9*u + 199855 = 5*p. List the prime factors of u.
2, 19, 263
What are the prime factors of 1/(4/19670) + 1379/394?
7, 19, 37
Let w be (1 - 2)/((-4)/(-36)). Let x = -2708 + 2720. Let p = w + x. List the prime factors of p.
3
Let i = -411 - -389. What are the prime factors of ((-329)/(-4))/(i/(-176))?
2, 7, 47
Let d(n) be the first derivative of -n**4/2 + 12*n**3 - 11*n**2/2 - 31*n - 181. What are the prime factors of d(15)?
2, 577
Suppose 172 - 164 = 2*p. Suppose 1554 = w - j, 3128 - 28 = 2*w - p*j. What are the prime factors of w?
2, 19, 41
Let j be 8/10*(2 - 1676/8). Let i = 493 + j. What are the prime factors of i?
3, 109
Let b(a) = 674*a**2 - 11*a - 18. Let s be b(-2). Suppose -s = -5*q + 5*i, -13*q + 2*i - 2686 = -18*q. What are the prime factors of q?
2, 269
Suppose -17*w - 220 = 3*w. Let s(d) = 2*d**2 + 10*d + 8. List the prime factors of s(w).
2, 5, 7
Let b(w) = -4425*w**3 - 4*w**2 + 47*w + 85. List the prime factors of b(-2).
5, 283
Let j(w) = 22*w - 59. Let m be j(7). Let r = m + 512. What are the prime factors of r?
607
Let x be (2/2 + 0)/(36/(-29844)). Let v = 1340 + x. List the prime factors of v.
7, 73
Let u = 264 - 247. Suppose 1717 = 2*n - b, n - u*b = -16*b + 861. What are the prime factors of n?
2, 107
Suppose 3*d + 1666 = -137. Let j = d - -1275. What are the prime factors of j?
2, 337
Let r(h) = h**2 - h + 3. Let f be r(5). Let y = 35 - f. What are the prime factors of y/15*(-15)/(-2)?
2, 3
Suppose 0*i - 4*r + 824 = 4*i, -5*i = -3*r - 1070. Let g = 127 + i. What are the prime factors of g?
2, 13
Let w(z) = -7*z**3 - 4*z**2 + 3*z + 5. Let i(n) = n**2 + 10*n + 27. Let t be i(-8). Suppose -3 = 12*y - t*y. List the prime factors of w(y).
149
Let r = -119 + 119. Suppose -2*f + 344 = -5*o, r*o - 494 = -3*f + 2*o. What are the prime factors of f?
2, 3
Suppose 5*r + 895 = -5*v, 2*v + 364 = -3*r + 4*r. Let f = v + 509. Suppose h - f = -113. List the prime factors of h.
5, 43
Let l(x) = 2*x**2 + 12*x - 4. Let k be l(-6). List the prime factors of 12/(-3) + 3 + 593 + k.
2, 3, 7
Let o = -202 - -5. Let j = 315 + o. What are the prime factors of j?
2, 59
Suppose 0 = 3*n + 4*n + 56. Let k be 2/n*10*-2. Suppose 0 = -k*x + 7*x - 46. List the prime factors of x.
23
Let r = -496 - -511. Let p(x) = -x**2 + 71*x + 16. List the prime factors of p(r).
2, 107
Let q be 458 + -1*(3 + -5). Let g = -347 + q. List the prime factors of g.
113
Let k(f) = 227*f + 248. Let p be k(18). Suppose 6*m + 5*m - p = 0. List the prime factors of m.
2, 197
Suppose -38603 = -33*i + 33903 + 36988. List the prime factors of i.
2, 3, 7, 79
Suppose 0 = -30*q + 173570 + 63250. List the prime factors of q.
2, 3947
Let t = 351 - 351. Suppose 2*h - 43 = j + 556, t = -3*h + 4*j + 886. List the prime factors of h.
2, 151
Let a(w) = 2*w**2 + 7*w + 9. Let x be a(6). Suppose 3*c + 4*v - 203 = 367, 5*v = 0. Let l = c - x. What are the prime factors of l?
67
What are the prime factors of 3340/(-334) - (3 - 1 - 62473)?
7, 8923
Suppose 5*r + 28*c - 35329 = 31*c, 2*r - 14140 = 4*c. List the prime factors of r.
2, 883
Let y = -267 + -867. Let o = -80 - y. List the prime factors of o.
2, 17, 31
Let h(c) = -c + 80. Let x be h(22). Suppose 2145 = 3*l + 2*f, l = -2*f + x + 653. Let b = -444 + l. List the prime factors of b.
3, 7, 13
List the prime factors of 605892/91 - (4 - (-100)/(-26)).
2, 3329
Suppose -x - 9386 = 31*q - 32*q, 0 = -3*x + 6. List the prime factors of q.
2, 2347
Let z be (-980)/161 + 6 - 234/(-46). Suppose -z*p - 414 + 6179 = 0. What are the prime factors of p?
1153
Let s be 10 + (-7)/(21/15). Suppose 0 = 8*f - 10*f + s*x + 389, 3*f = -2*x + 612. What are the prime factors of f?
2, 101
List the prime factors of (126/(-35))/((-360)/4032300).
3, 13441
Suppose -5*s = 9*s + 2352. Let n = s + 499. What are the prime factors of n?
331
Let n be 18/8 - (102/24 + -4). Suppose s = -s + n*m + 1958, -2*m = 2. What are the prime factors of s?
2, 3, 163
Suppose 2*w = -4*h - 676, -14*h = -w - 11*h - 343. Let b = -65 - w. List the prime factors of b.
5, 11
Let f(q) be the third derivative of -73*q**4/24 + 3*q**3/2 - 4*q**2 - 18. List the prime factors of f(-6).
3, 149
Let k = 45 + -48. Let w be (1 + k)/(-1) - (-37)/1. Let b = w + -27. What are the prime factors of b?
2, 3
Let t = -131 - -183. Let a = -47 + t. Suppose 668 = 4*c + o, -a*c + 15 = 2*o - 817. List the prime factors of c.
2, 3, 7
Let i = 382 + -377. Suppose -i*z = 2*c - 2918, -8*c = -3*c - 2*z - 7324. List the prime factors of c.
2, 3, 61
Suppose -2*u - 18*u - 10*u + 119400 = 0. What are the prime factors of u?
2, 5, 199
Let o = 7467 + 23045. List the prime factors of o.
2, 1907
Let q(u) = u**2 - 16*u + 60. Let l be q(14). What are the prime factors of (l - 31)/(1/475) - -3?
2, 239
Suppose 0 = 3*m - 2*w - 498, 8*w - 7*w + 830 = 5*m. Suppose -x + m = x. What are the prime factors of x?
83
Let i = -73410 - -118995. What are the prime factors of i?
3, 5, 1013
Suppose 80 = 7*i - 361. Suppose l - 3*b - i = 4*l, -2*l + 2*b - 26 = 0. Let w = 67 - l. List the prime factors of w.
2, 3, 7
Let i = 247 + 66. List the prime factors of -26 - -18 - -2*i.
2, 3, 103
Let z = 113410 + -61978. List the prime factors of z.
2, 3, 2143
Suppose 33*h - 316509 - 75399 = 0. List the prime factors of h.
2, 2969
Let b = -198 - -6. Let k(a) = 29*a + 543. Let m be k(-19). Let t = m - b. What are the prime factors of t?
2, 23
Suppose 2*u + t = 283, 5*u - t - 675 = 3*t. Let p = 157 + -264. Let v = u + p. List the prime factors of v.
2
Let z = -5 + 30. Let h = z - 25. Suppose h*d + 3*n = -2*d + 53, 2*d = -5*n + 63. List the prime factors of d.
19
Suppose -12*o + 10*o - 4*n - 170 = 0, o - 3*n + 100 = 0. Let j be (-156)/((1 - 1) + 1). Let i = o - j. List the prime factors of i.
5, 13
Suppose d + 8339 = 13849 + 14329. What are the prime factors of d?
3, 17, 389
Let b(x) = -20*x + 152. Let